 = 35 + -2. List the prime factors of k.
3, 11
Let n be 41/2 - (-1)/(-2). What are the prime factors of 1/(-4 - (-84)/n)?
5
Let v = -70 + 133. List the prime factors of v.
3, 7
List the prime factors of 4/(-22) + 237/33.
7
Let d = -1 - -8. Suppose 3*f - 61 = 4*t, 4*t - 91 = 2*f - d*f. What are the prime factors of f?
19
Let q(t) be the third derivative of -1/3*t**4 + 4*t**2 - 1/60*t**5 + 0 + 7/6*t**3 + 0*t. What are the prime factors of q(-8)?
7
Suppose 4*q = -0*q. Suppose -3*v = -q*v + 33. Let n = -8 - v. What are the prime factors of n?
3
Let v(a) = -3*a - 13. Let k be v(-11). Let i = 42 - k. List the prime factors of i.
2, 11
Let r(j) = j**2 + j - 12. Let o(s) = 1. Let q(c) = 6*o(c) - r(c). Let l(p) = p**2 - 3*p - 4. Let x be l(4). What are the prime factors of q(x)?
2, 3
Let x(w) be the third derivative of -w**4/8 + 7*w**3/3 + w**2. List the prime factors of x(-6).
2
Suppose -5*g = 3*u - 66, 6*u - 88 = 2*u - 2*g. Suppose 0*x = p + x + u, -2*p - 34 = 4*x. What are the prime factors of 6/p - 40/(-18)?
2
Suppose -u - 2 - 1 = 0. Let y(i) = -8*i - 2. List the prime factors of y(u).
2, 11
Let p = 13 + 4. List the prime factors of p.
17
Suppose 0 = -3*i - 4*g + 208, 0*g - 205 = -3*i - g. Let h = i + -47. Let a = -13 + h. List the prime factors of a.
2
Let o = 168 - 97. What are the prime factors of o?
71
Let c(z) = 2*z + 5. What are the prime factors of c(11)?
3
Let j(a) be the first derivative of a**2 + 4*a + 4. List the prime factors of j(11).
2, 13
Let h(d) = d**2 + 7*d + 3. Let l be h(-6). List the prime factors of 3 + 12 + (-9)/l.
2, 3
Let y = 16 - -2. Let x(z) = z**2 - 5*z - 2. Let a be x(-5). Suppose a - y = 5*b. What are the prime factors of b?
2, 3
Suppose -5*v = -v + r - 248, -4*r - 205 = -3*v. What are the prime factors of v?
3, 7
Let r(o) = 12*o - 2. What are the prime factors of r(9)?
2, 53
Let u(n) = -10*n + 11. What are the prime factors of u(-3)?
41
Let x = -15 + 10. What are the prime factors of (-21)/(-5) - x/(-25)?
2
Let c be (-2)/(-4) + (-140)/(-8). Let b = c + -11. Let l = 11 - b. What are the prime factors of l?
2
Let n(o) = -2*o**3 + o + 1. Let k be -1 - (1/(-1) - -1). What are the prime factors of n(k)?
2
List the prime factors of -4*5/30 + 2644/6.
2, 5, 11
Let p = 30 - 19. What are the prime factors of p?
11
Let j be 84/22 - (-4)/22. Suppose j*t - 85 = 7. Suppose -17 - t = -5*m. List the prime factors of m.
2
Let i(j) = -j**2 + 5*j + 3. Let t be i(4). Let h = 24 - t. List the prime factors of h.
17
Suppose 3*d - 5*u = 1201, -4*d - 4*u + 1580 = -0*d. What are the prime factors of d?
397
Let i(s) = 2*s - 3. Let o be i(6). Let h(p) = -3*p + 3. Let r be h(-5). List the prime factors of 12/o*r/4.
2, 3
Suppose -2*j + 2*p + 3*p + 19 = 0, 0 = 3*j - p - 9. Suppose 0 = j*i + 3*i. Suppose -4*v - 3 + 15 = i. List the prime factors of v.
3
Let u(k) = k**2 - 8*k - 3. Let j be u(9). Suppose j = -3*b + 21. What are the prime factors of b?
5
Suppose 2*l + 26 = -o - 0*o, 3*o = -l - 88. Let h = -18 - o. Suppose 0*m + h = 2*m. What are the prime factors of m?
2, 3
Let d = 0 - 2. Let h = 1 + d. What are the prime factors of 1 + -1 - (h + -11)?
2, 3
Suppose 11 = 2*x - 3*f, 5*x - 5*f = 2*x + 17. Suppose x*p + 13 = 45. List the prime factors of p.
2
Let d(a) = -5*a - 6. Let y(r) = r**2 + 2*r. Let j be y(-2). Let m be -5 - (j/2 + 0). List the prime factors of d(m).
19
Suppose 0 = 2*s - 4*s + 4. Suppose 12 = p + s*p. Suppose 5*f = 4*d + 85, p*f + 2*d = -f + 85. What are the prime factors of f?
17
Suppose -3*z - 110 = 5*q, 0 = -4*q + 2*z + z - 115. Let w(v) = -v**3 - 12*v**2 - 9*v + 11. Let n be w(-11). Let t = n - q. What are the prime factors of t?
2, 7
Let h = -51 - -115. List the prime factors of h.
2
Suppose -g + 0 = 2. Let u be g + -2 + (-2 - -3). Let r = u + 11. List the prime factors of r.
2
Suppose 74 + 16 = 5*w. What are the prime factors of w?
2, 3
Suppose 5*u = -5*v, -2*v + u - 2*u - 4 = 0. List the prime factors of (-6)/2*(-5 - v).
3
Let a(d) = -3*d - 1. What are the prime factors of a(-8)?
23
Suppose 4*n = 4*z + 16, -n + 2 = -5*z - 22. Let q be n*(2 + -2) + 5. Suppose q*t = 3*f - 36, -t = -1 - 2. List the prime factors of f.
17
Let h(t) = -t**2 + 9*t - 4. Let l be h(6). Let j = l - 4. What are the prime factors of j?
2, 5
Suppose 6*x = x. Suppose d = -d + 6. Suppose 5*k - 4*k - 5*i - 17 = 0, x = 2*k + d*i + 5. List the prime factors of k.
2
Suppose -4*a = -n + 66, 3*a + 2 = 14. List the prime factors of n.
2, 41
Let m(y) = 6*y**2 - 3*y - 4. Let u(o) = -11*o**2 + 5*o + 7. Let q(j) = -7*m(j) - 4*u(j). List the prime factors of q(1).
3
Let n = -154 - -221. What are the prime factors of n?
67
Let c = 41 - 20. List the prime factors of (0 - 6/(-9))*c.
2, 7
Let x(l) = -100*l + 16. What are the prime factors of x(-2)?
2, 3
Let y(s) = -s**3 + 11*s**2 - 10*s + 7. Let f be y(10). Let n = -1 + f. List the prime factors of n.
2, 3
List the prime factors of (401 - -1)/(4/8*3).
2, 67
Suppose 78 + 82 = -5*w. What are the prime factors of ((-3)/(-2))/((-6)/w)?
2
Suppose 4*d - 775 = 945. List the prime factors of d.
2, 5, 43
Let k(c) = 2*c**2 - 11*c - 8. Let p be k(8). Suppose t + p = 5*g, 5*g - 49 = -3*t - 5. What are the prime factors of g?
7
Suppose 0 = 4*o + 2*i + 12, 0*o - 10 = 3*o + 2*i. Let j be (-20)/(-3) + o/3. Suppose -4*t + j = -10. List the prime factors of t.
2
Suppose 2*w = 7*w - 20. Suppose -w*p = -3*b + 15, -5*p + 1 = b - 4. Suppose 4*x - 4*c = 36, p*c - 3*c = -x + 13. List the prime factors of x.
7
Let x(j) = j**2 + 2*j - 1. Let v be x(-3). Let c = v + 7. What are the prime factors of c?
3
Let x = 3 + -4. Let q be x/2 - (-29)/2. Suppose -n - n = -q. What are the prime factors of n?
7
Let i(b) = b - b**2 + b**3 - 1 - 6 + 3 - 2*b**3. Let c be i(0). Let x = -1 - c. What are the prime factors of x?
3
Let f(j) = j**3 + 9*j**2 + 5*j - 5. Let c be f(-8). Suppose c*t - 14*t = 90. List the prime factors of t.
2, 3
Let o(d) = d**2 - 3*d + 1. Let f be o(2). Let v be (91/(-14))/(f/2). Suppose l = -3, -2 + v = -2*s - 5*l. List the prime factors of s.
2
Let i(r) = -r - 5. Let d be i(-12). Suppose -d*v + 8*v = 34. List the prime factors of v.
2, 17
Let v = -13 - -18. Suppose -3*p = -12, -179 = -v*a - 4*p + 3*p. List the prime factors of a.
5, 7
Let y = 2 + 0. Let k be 6/8*(-16)/(-6). Suppose -y*u = v - 18, -k*v = -7*v. What are the prime factors of u?
3
Let v(z) = -z - z + 4*z. Let i(x) = -x**2 + 10*x + 2. Let a be i(10). What are the prime factors of v(a)?
2
List the prime factors of ((-518)/8)/((-2)/8).
7, 37
Let c(k) = -2*k - 5. Let f be c(-6). Let s = 16 + f. What are the prime factors of s?
23
Let t = 3 + 0. Suppose -t*w + 41 = 2*w - 3*j, 0 = w - j - 7. List the prime factors of w.
2, 5
Let f(u) = 16*u + 4. Let r be f(3). Suppose m - r = -2. List the prime factors of m.
2, 5
Let y = 49 + 60. What are the prime factors of y?
109
Let q(i) be the first derivative of 1/2*i**2 + 4*i + 1. List the prime factors of q(7).
11
Suppose 0 = -4*k - 0*k - a + 6, -3*a + 3 = -3*k. Suppose 4*v - 370 = 3*z + 10, 475 = 5*v - z. What are the prime factors of v/(-10)*(-3 + k)?
19
Suppose -2*b - 3*g + 158 + 131 = 0, -4*g + 435 = 3*b. List the prime factors of b.
149
Let a(u) = -u + 9. Let y be 4 - (-1 + 2) - -1. Let j be 0/1*(-2)/y. What are the prime factors of a(j)?
3
Let m = 161 - 158. What are the prime factors of m?
3
Suppose 0 = -2*r + l - 3*l - 6, -3*r + 16 = -2*l. Suppose 3*b + r*b - 50 = 0. List the prime factors of b.
2, 5
Let y(z) = z - 6. Let i be y(8). Suppose -3*s = -2*q - 0*s + 33, -3*s = i*q - 15. What are the prime factors of q?
2, 3
Suppose -c = -2*c - 18. What are the prime factors of (c/(-9))/(1/14)?
2, 7
Let t(f) = -2*f**3 - 2*f**2 + f + 1. List the prime factors of t(-2).
7
Let a = 4 - 4. Let j = 2 + a. List the prime factors of j.
2
Let s(h) = 2*h - 2. Let n be s(2). Suppose 0 = -2*l - n*l - 96. Let f = -13 - l. List the prime factors of f.
11
Let j(g) = g**2 - 4*g + 5. What are the prime factors of j(6)?
17
Let d = -2 - -7. Suppose 3*q = 3*g, -d*q + q - 4 = -5*g. Suppose 0 = 5*f - g - 16. List the prime factors of f.
2
Let j(z) = 5*z - 17. What are the prime factors of j(20)?
83
List the prime factors of (2 - 132/(-16))*4.
41
Let f = 81 - 43. What are the prime factors of f?
2, 19
Let o(d) = 25*d**3 - 2*d**2 + 2*d - 1. What are the prime